?
True
Is 39528197 composite?
False
Is 18688667 composite?
False
Is 33896531 a composite number?
False
Is 627872001 a prime number?
False
Is 115651077 a composite number?
True
Is 257357167 a composite number?
False
Is 50513 composite?
False
Is 43257187 composite?
False
Is 1547087 a prime number?
False
Is 2164123 a prime number?
False
Is 4581578 composite?
True
Is 1151 prime?
True
Is 490734587 a composite number?
True
Is 7432127 composite?
False
Is 1350743 a prime number?
True
Is 391283 composite?
False
Is 2188099 composite?
False
Is 28911361 composite?
True
Is 1940773 prime?
False
Is 3136579 a composite number?
True
Is 36934357 a prime number?
True
Is 53910091 a prime number?
False
Is 5448107 a composite number?
True
Is 56124053 a composite number?
True
Is 2828867 composite?
False
Is 7232926 a composite number?
True
Is 9319181 a composite number?
False
Is 3062779 a composite number?
False
Is 9810839 composite?
True
Is 187802 a composite number?
True
Is 52793297 a prime number?
True
Is 5120989 prime?
False
Is 389847649 a composite number?
False
Is 76089058 a prime number?
False
Is 14559373 a prime number?
True
Is 50107709 a composite number?
False
Is 3135205 composite?
True
Is 3305131 a composite number?
True
Is 1083899 prime?
True
Is 10478735 a prime number?
False
Is 1262295091 a prime number?
True
Is 15761489 composite?
True
Is 200217343 a prime number?
True
Is 1301161 a composite number?
True
Is 2752509 composite?
True
Is 12765013 a composite number?
True
Is 11829743 a prime number?
True
Is 16690997 a composite number?
False
Is 88289089 a composite number?
True
Is 32112713 prime?
False
Is 1976389 a composite number?
True
Is 3724529 a composite number?
True
Is 94893067 a prime number?
True
Is 53125018 a prime number?
False
Is 74371 composite?
True
Is 15004067 composite?
True
Is 10421795 a prime number?
False
Is 253897121 prime?
False
Is 1443377 composite?
True
Is 72099709 a prime number?
False
Is 346524137 prime?
True
Is 181723 a composite number?
True
Is 370399 composite?
False
Is 27829327 a composite number?
False
Is 11625709 prime?
False
Is 6715753 a composite number?
True
Is 44963741 composite?
True
Is 998471 composite?
False
Is 568067 composite?
True
Is 7098011 composite?
True
Is 9084346 prime?
False
Is 991776031 a composite number?
True
Is 3175433 prime?
True
Is 10768105 prime?
False
Is 8378207 composite?
True
Is 165201709 prime?
False
Is 106990483 a composite number?
True
Is 152322409 composite?
False
Is 5041 a composite number?
True
Is 37648459 a composite number?
True
Is 15959659 composite?
True
Is 89024227 a composite number?
False
Is 7146277 composite?
False
Is 5693641 composite?
False
Is 2059697 prime?
True
Is 7227851 a composite number?
True
Is 5846422 composite?
True
Is 27684659 a prime number?
True
Is 4906951 a prime number?
False
Is 2806343 a composite number?
True
Is 379931749 a composite number?
False
Is 446676749 prime?
True
Is 4180451 composite?
True
Is 126617 prime?
False
Is 16008079 prime?
False
Is 1459243 a prime number?
False
Is 7090361 prime?
False
Is 176458991 prime?
True
Is 653547 prime?
False
Is 79587553 a prime number?
True
Is 68015599 composite?
False
Is 2061091 prime?
False
Is 334040909 a prime number?
True
Is 1019531 a prime number?
True
Is 18703357 a prime number?
True
Is 2076289 prime?
True
Is 76846291 prime?
False
Is 93656663 prime?
True
Is 3471751 a composite number?
False
Is 389834911 prime?
True
Is 11882219 a prime number?
True
Is 3485613 a prime number?
False
Is 29757137 composite?
False
Is 1499023165 a prime number?
False
Is 9407863 a prime number?
False
Is 5664851 a composite number?
False
Is 14992415 composite?
True
Is 17084917 a prime number?
False
Is 249176911 a composite number?
True
Is 609372487 prime?
False
Is 1092503 composite?
True
Is 1933669 composite?
True
Is 73330409 a composite number?
False
Is 11960303 composite?
True
Is 15711263 composite?
False
Is 5429339 a prime number?
True
Is 4386781 composite?
True
Is 50126891 a composite number?
False
Is 684925907 composite?
True
Is 3240753 a prime number?
False
Is 93570181 prime?
False
Is 9740357 prime?
False
Is 11837523 prime?
False
Is 29245553 a composite number?
False
Is 1644413 prime?
True
Is 36597599 a prime number?
False
Is 153515303 prime?
True
Is 2274959 a prime number?
True
Is 7860943 a prime number?
False
Is 849014809 a composite number?
False
Is 20011303 a prime number?
False
Is 1018853 a composite number?
True
Is 657701 a composite number?
True
Is 41113199 a composite number?
True
Is 4965185 prime?
False
Is 15790597 a composite number?
True
Is 193432427 a composite number?
False
Is 224588965 a composite number?
True
Is 1931497 prime?
True
Is 264769 prime?
True
Is 70961041 composite?
True
Is 849391 prime?
True
Is 6361709 a composite number?
True
Is 1104358 prime?
False
Is 29842381 prime?
True
Is 16013581 prime?
False
Is 373795369 composite?
False
Is 385667 composite?
True
Is 102583799 a composite number?
False
Is 2130577 composite?
False
Is 50521649 a prime number?
True
Is 13957599 a composite number?
True
Is 1952047 a prime number?
True
Is 1182331 a composite number?
False
Is 33356749 composite?
True
Is 12999761 a prime number?
False
Is 56903503 composite?
True
Is 3867819 a composite number?
True
Is 187394173 a composite number?
True
Is 37364669 a prime number?
True
Is 199486229 a prime number?
True
Is 75942263 composite?
True
Is 636036167 a composite number?
True
Is 203121193 a composite number?
True
Is 3865691 prime?
True
Is 4828745 prime?
False
Is 20114907 prime?
False
Is 40245599 a composite number?
False
Is 2930413 prime?
True
Is 396525293 prime?
False
Is 134395243 a prime number?
True
Is 32589353 a composite number?
False
Is 220283 a prime number?
False
Is 2821597 composite?
True
Is 11260829 prime?
True
Is 7803337 a composite number?
True
Is 3534841 composite?
False
Is 34651283 composite?
False
Is 7674521 prime?
True
Is 108538 a composite number?
True
Is 114847919 a prime number?
True
Is 4266357 composite?
True
Is 10635503 a composite number?
False
Is 6886811 a composite number?
True
Is 117224293 composite?
True
Is 22660571 composite?
True
Is 9513227 a composite number?
False
Is 1958167 a prime number?
False
Is 337290841 a composite number?
False
Is 18102907 composite?
False
Is 10628867 prime?
True
Is 2861881 composite?
True
Is 6533531 a prime number?
False
Is 37537193 a prime number?
False
Is 604757 composite?
True
Is 480110407 composite?
True
Is 301998601 a prime number?
True
Is 29551351 prime?
False
Is 17928541 a prime number?
True
Is 16740499 composite?
True
Is 1576391 a prime number?
True
Is 3405373 a prime number?
False
Is 70502423 a composite number?
False
Is 11269847 a composite number?
False
Is 31453241 a composite number?
False
Is 2198143 a prime number?
False
Is 221382583 a composite number?
True
Is 50397929 a composite number?
False
Is 153454031 composite?
False
Is 1206349 a composite number?
True
Is 312983249 a composite number?
False
Is 141911603 prime?
False
Is 117243103 a composite number?
False
Is 24620657 a prime number?
True
Is 35706679 a prime number?
True
Is 6569897 a composite number?
False
Is 45231757 a prime number?
False
Is 136153 a composite number?
True
Is 12737507 composite?
False
Is 78139489 prime?
True
Is 374383 prime?
False
Is 5239051 composite?
False
Is 118934477 composite?
False
Is 879949055 prime?
False
Is 379817783 a prime number?
False
Is 3311717 composite?
False
Is 4409761 a composite number?
True
Is 94669739 prime?
True
Is 728556479 a composite number?
True
Is 3014709 a prime number?
False
Is 29917 composite?
False
Is 335297 prime?
False
Is 3223391 prime?
True
Is 33696683 a prime number?
False
Is 6488591 composite?
False
Is 222014341 a prime number?
True
Is 1209419 a composite number?
True
Is 1764535 a prime number?
False
Is 23084137 composite?
False
Is 23804047 a prime number?
True
Is 55388339 prime?
False
Is 1143451 prime?
False
Is 4530067 a prime number?
True
Is 276258079 prime?
True
Is 6840553 composite?
True
Is 7876313 composite?
True
Is 3689083 prime?
False
Is 36329549 prime?
True
Is 8738707 a composite number?
False
Is 18798807 a composite number?
True
Is 368796811 composite?
True
Is 6515977 a prime number?
False
Is 631519001 composite?
False
Is 59139547 prime?
True
Is 9061621 a pr